= 137 + w. What is the remainder when h is divided by 14?
11
Let t = 29 - 11. Suppose 0 = -286*r + 275*r + 374. What is the remainder when r is divided by t?
16
What is the remainder when ((-15)/10 + 0)*(-1248)/36 is divided by 37?
15
Let w(l) = -17*l - 537. Let j = 13 + -7. Calculate the remainder when w(-32) is divided by j.
1
Suppose -3*z = -8*z + q + 5, -5*q = -2*z - 21. Suppose z*j = j + 29. What is the remainder when j is divided by 10?
9
Suppose 3 = 3*w - 15. Suppose -w = c - 17. Suppose -57 + c = -2*q. What is the remainder when 91 is divided by q?
22
What is the remainder when (889/14)/((-29)/(-14) - 2) is divided by 19?
15
Suppose k - 5*k + 84 = -z, -4*k + 2*z = -80. Suppose -l = 5*i - 38, l = 4*i - l - k. What is the remainder when i is divided by 5?
2
Suppose -188*h = -186*h - 36. Calculate the remainder when 44 is divided by h.
8
Let f = -217 + 186. Suppose 4*l - w + 158 = 0, 0*w + 168 = -4*l - 4*w. Let p = f - l. Calculate the remainder when 42 is divided by p.
6
Suppose o - 2*q = 29, 6*o = 3*o - 2*q + 95. Let c(l) = l**2 - 8*l + 1. Let y be c(6). What is the remainder when o is divided by 9 - 10 - (-1 + y)?
9
Suppose 135 = 3*m + 3*j, 2*m - 28 = -j + 60. Suppose 5*w - 27 = 2*w. Calculate the remainder when m is divided by w.
7
Suppose -2*t - 5*b = 6, 2*t + 4 = t - 3*b. Let l(j) = 5*j**2 - 2*j + 3. What is the remainder when l(t) is divided by 11?
8
Suppose 2 = -x, -38*x + 36*x = 5*s - 66. Let v(r) = -r**2 - 4*r - 4. Let f be v(-3). Calculate the remainder when 40 - (f*2)/(-2) is divided by s.
11
Let j(k) = 2*k**2 - 19*k + 29. Let q(g) = 2*g**2 - 8*g + 7. Calculate the remainder when j(13) is divided by q(6).
27
Suppose -4*h + 4018 = 3*a, -2*a - 224*h + 2697 = -225*h. What is the remainder when a is divided by 90?
86
Let g(t) = 40*t - 190. Calculate the remainder when 142 is divided by g(6).
42
Suppose -v = 156 - 170. Suppose 2*d + 5*m - 20 - 66 = 0, 143 = 3*d + 4*m. What is the remainder when d is divided by v?
11
Let l(k) = 5*k**2 - k - 2. Let r = -44 + 16. Let j = r - -39. What is the remainder when l(3) is divided by j?
7
What is the remainder when 93 - (-2 + (-6 - -2)) is divided by 21?
15
Let g(k) = -k**2 - 11*k - 12. Let w be g(-9). Suppose -143 = w*r - 7*r. Suppose -5*j + r = -h - h, -4*h + 11 = j. What is the remainder when j is divided by 7?
6
Suppose -16*y = -14*y + 36*y - 5016. Suppose -3*l = 2*l - 170. Calculate the remainder when y is divided by l.
30
Let z(f) = 9*f + 152. Calculate the remainder when 119 is divided by z(-12).
31
Calculate the remainder when 52/(-180)*-93 - (-16)/120 is divided by (0 + 12)/(2/3).
9
Let n(x) = 7*x**2 - 1. Calculate the remainder when (-18)/144 + 918/48 is divided by n(-1).
1
Suppose -20*n - 381 + 6121 = 0. What is the remainder when n is divided by 60?
47
Let i = 41 + -18. Let g(f) = 2*f**2 - 6*f + 15. Let l(q) = q**2 - 5*q + 14. Let o(h) = 5*g(h) - 6*l(h). Calculate the remainder when o(5) is divided by i.
22
Let v(l) = l**3 - 5*l**2 + 7. Calculate the remainder when (9/((-270)/(-276)))/(21/105) is divided by v(5).
4
Calculate the remainder when 224 is divided by 2/4 - (-3910)/68.
50
Let n(t) = 2*t - 1. Suppose 5*g = 31 + 34. Let b = g + -7. Calculate the remainder when 19 is divided by n(b).
8
Let g(i) = 3*i**2 + i**2 - i**2 - 5*i + 13. What is the remainder when g(4) is divided by 23?
18
Suppose 13*h = h + 1104. Let k = h + -32. What is the remainder when k is divided by 22?
16
Suppose -4 = n, -5*v - 4*n + 319 = -0*n. What is the remainder when 71 is divided by v?
4
Suppose -42*h - 4*q + 109 = -39*h, 1 = q. What is the remainder when 69 is divided by h?
34
Let a(d) = d**3 + 10*d**2 - 4. Let w be a(-10). Let x be 348/8*w/(-6). Calculate the remainder when 29 is divided by x/2 + 4/8.
14
Let v = -1005 - -1277. What is the remainder when v is divided by 52?
12
Suppose -110 = -5*x - 5*a, 0*a - 97 = -4*x - a. Let y = 154 + -11. Let m = y - 69. What is the remainder when m is divided by x?
24
Suppose -6*g - t = -g - 175, 0 = -2*g - 3*t + 57. Let d = 392 - 250. What is the remainder when d is divided by g?
34
Let g = -120 - -84. Let j = 64 + g. What is the remainder when j is divided by 10?
8
Suppose -5*r + 233 = -187. Calculate the remainder when r is divided by 18.
12
Let k(m) = m + 6. Calculate the remainder when (-12)/4 - (-5)/((-5)/(-4)) is divided by k(-5).
0
Let h be (-8)/14*(-126)/12. Suppose 10*o - 344 = h*o. What is the remainder when o is divided by 29?
28
Calculate the remainder when 20 is divided by (1938/171)/((-4)/(-6)).
3
Let k = 10 + 59. Let y = -27 + k. What is the remainder when 165 is divided by y?
39
Let u(z) = -88*z - 129. What is the remainder when 280 is divided by u(-2)?
45
Suppose -4*c = 0, 22 = 5*o + 4*c - 23. Suppose -11*p + 6 = -9*p. Suppose 4*a - 44 = p*a. Calculate the remainder when a is divided by o.
8
Suppose w = -0*j + 5*j - 70, j - 20 = -w. Suppose j + 3 = 3*n. Calculate the remainder when n is divided by 2.
0
Let k = -35 + 59. Calculate the remainder when 2/k*4*75 is divided by 12.
1
Suppose 0 = 4*g + 2*h - 240, -32 = -g - h + 27. What is the remainder when g is divided by 17?
10
Suppose -5*b + 18 = 3*p - 2*p, -48 = -2*p + 2*b. Calculate the remainder when p is divided by (-42)/63 - 44/(-3).
9
Calculate the remainder when 44 is divided by 22/8 + -15*(-15)/900.
2
Let h(z) = -z**2 - z. Let c(b) = 3*b**2 - 2*b - 4. Let a(g) = c(g) + 4*h(g). Suppose 4*x + 8 = -4. What is the remainder when 8 is divided by a(x)?
3
Suppose -287 - 133 = -15*q. What is the remainder when 32 is divided by q?
4
Suppose 30*t - 738 = -11*t. Let p = -43 - -48. What is the remainder when t is divided by p?
3
Let z(j) = -2*j**3 + 7*j**2 - 4*j + 8. Let f be z(8). Let g = 29 - -4. Calculate the remainder when g is divided by (-2)/11 - f/33.
15
Let z(y) = 23*y**2 + 24*y - 51. Calculate the remainder when z(2) is divided by 33.
23
Let j(q) = -2*q**3 - 9*q**2 - 8*q - 9. Let u = 5 + 22. What is the remainder when u is divided by j(-4)?
6
Suppose -5*n + 3*h = -644, -3*n + 3*h = -2*n - 124. Suppose -135 = -2*j - a, 2*j + 13 - n = 5*a. Calculate the remainder when j is divided by 17.
15
Suppose 21*k + 1032 = 5*g + 22*k, -5*k = -4*g + 843. What is the remainder when g is divided by 25?
7
Suppose 11*s = 6*s + 10. Suppose s*t - 37 = 15. Calculate the remainder when 51 is divided by t.
25
Let k = 1257 - 1145. Calculate the remainder when k is divided by 33.
13
Let b(g) = -g - 4 + 4. Let z be b(-2). Calculate the remainder when 7*z + (7 - 6) is divided by 9.
6
Suppose -4*b + 12 = 2*i + 4, -4*b = i - 10. Let d be i/(2/(-2)*1). Suppose -n - d*n + 33 = 0. Calculate the remainder when 31 is divided by n.
9
Let a(j) = j**3 - 2*j**2 + 3*j - 4. Calculate the remainder when 70 is divided by a(3).
0
Suppose 10*y + 4*z = 5*y + 255, 5*z + 204 = 4*y. What is the remainder when 474 is divided by y?
15
Suppose -1308 - 2476 = -4*c. What is the remainder when c is divided by 79?
77
Suppose -4*m = -5*m + 10. Suppose -5*c + 4*p + 89 = 0, -c + m*p + 20 = 7*p. What is the remainder when 50 is divided by c?
16
Suppose 5*y - 2*y = 0, -4 = -4*m + y. Calculate the remainder when 57 is divided by ((-5)/15)/m + 88/3.
28
Suppose 4*j - 5*r - 1869 = 0, -9*j = -12*j + r + 1388. What is the remainder when j is divided by 33?
32
Let q(k) = 13*k**2 - k - 4. Suppose 5*o = 19 + 11. Suppose -4*v = n - o, v - 2 = -v. What is the remainder when q(n) is divided by 16?
14
Let s(x) = 23*x**2 + x. Suppose -221 = 4*w - 601. What is the remainder when w is divided by s(1)?
23
Let t = -196 - -322. What is the remainder when t is divided by 29?
10
Let a(u) = 25*u + 5 + 0*u**2 - 1 - u**2 + 39. Calculate the remainder when a(19) is divided by 32.
29
Suppose 4*y - 6 = -f - 1, -2*f = -2*y + 10. What is the remainder when 17 is divided by y?
1
Let x(c) = c**3 - 3*c**2 - 2*c + 16. Let j(z) = -3*z**2 - 18*z + 3. Let r be j(-6). What is the remainder when 15 is divided by x(r)?
5
Let p(u) = 16*u**2 + u - 1. Let b(z) = 2*z**2 - 3*z + 3. Let h be b(1). What is the remainder when p(1) is divided by (4/8)/(h/24)?
4
Let l be (68/(-3))/((-1)/3). Suppose -2*b = -4*f - 52, -2*b = -0*b + 4*f - l. What is the remainder when b is divided by 640/60 - 2/(-6)?
8
Let f be ((1 - -4)/((-1)/2))/2. Let j = -12 - -18. What is the remainder when (16/(-10) + 26/(-65))